{"id":3568,"date":"2023-07-11T09:16:44","date_gmt":"2023-07-11T07:16:44","guid":{"rendered":"https:\/\/kybele.ingenieriadeservicios.es\/?page_id=3568"},"modified":"2023-07-11T09:21:40","modified_gmt":"2023-07-11T07:21:40","slug":"tesis-diana-sanchez","status":"publish","type":"page","link":"https:\/\/kybele.ingenieriadeservicios.es\/index.php\/tesis-diana-sanchez\/","title":{"rendered":"Tesis Diana S\u00e1nchez"},"content":{"rendered":"\t\t<div data-elementor-type=\"wp-page\" data-elementor-id=\"3568\" class=\"elementor elementor-3568\">\n\t\t\t\t\t\t\t<div class=\"elementor-element elementor-element-df1187e e-con-boxed e-flex e-con\" data-id=\"df1187e\" data-element_type=\"container\" data-settings=\"{&quot;content_width&quot;:&quot;boxed&quot;}\">\n\t\t\t\t\t<div class=\"e-con-inner\">\n\t\t<div class=\"elementor-element elementor-element-a26470e e-con-full e-flex e-con\" data-id=\"a26470e\" data-element_type=\"container\" data-settings=\"{&quot;content_width&quot;:&quot;full&quot;}\">\n\t\t\t\t<div class=\"elementor-element elementor-element-5385b6b elementor-widget elementor-widget-image\" data-id=\"5385b6b\" data-element_type=\"widget\" data-widget_type=\"image.default\">\n\t\t\t\t<div class=\"elementor-widget-container\">\n\t\t\t<style>\/*! elementor - v3.13.3 - 28-05-2023 *\/\n.elementor-widget-image{text-align:center}.elementor-widget-image a{display:inline-block}.elementor-widget-image a img[src$=\".svg\"]{width:48px}.elementor-widget-image img{vertical-align:middle;display:inline-block}<\/style>\t\t\t\t\t\t\t\t\t\t\t\t<img decoding=\"async\" width=\"129\" height=\"129\" src=\"https:\/\/kybele.ingenieriadeservicios.es\/wp-content\/uploads\/2023\/07\/Diana_Marcela_Sanchez_Fuquene-removebg-preview.png\" class=\"attachment-full size-full wp-image-3574\" alt=\"\" loading=\"lazy\" \/>\t\t\t\t\t\t\t\t\t\t\t\t\t\t\t<\/div>\n\t\t\t\t<\/div>\n\t\t\t\t<\/div>\n\t\t<div class=\"elementor-element elementor-element-e792593 e-con-full e-flex e-con\" data-id=\"e792593\" data-element_type=\"container\" data-settings=\"{&quot;content_width&quot;:&quot;full&quot;}\">\n\t\t\t\t<div class=\"elementor-element elementor-element-0d94e57 elementor-widget elementor-widget-heading\" data-id=\"0d94e57\" data-element_type=\"widget\" data-widget_type=\"heading.default\">\n\t\t\t\t<div class=\"elementor-widget-container\">\n\t\t\t<style>\/*! elementor - v3.13.3 - 28-05-2023 *\/\n.elementor-heading-title{padding:0;margin:0;line-height:1}.elementor-widget-heading .elementor-heading-title[class*=elementor-size-]>a{color:inherit;font-size:inherit;line-height:inherit}.elementor-widget-heading .elementor-heading-title.elementor-size-small{font-size:15px}.elementor-widget-heading .elementor-heading-title.elementor-size-medium{font-size:19px}.elementor-widget-heading .elementor-heading-title.elementor-size-large{font-size:29px}.elementor-widget-heading .elementor-heading-title.elementor-size-xl{font-size:39px}.elementor-widget-heading .elementor-heading-title.elementor-size-xxl{font-size:59px}<\/style><h2 class=\"elementor-heading-title elementor-size-default\"><Strong>PhD Thesis<\/strong>: Diana Marcela Sanchez<\/h2>\t\t<\/div>\n\t\t\t\t<\/div>\n\t\t\t\t<\/div>\n\t\t\t\t\t<\/div>\n\t\t\t\t<\/div>\n\t\t<div class=\"elementor-element elementor-element-5e9681f e-con-boxed e-flex e-con\" data-id=\"5e9681f\" data-element_type=\"container\" data-settings=\"{&quot;content_width&quot;:&quot;boxed&quot;}\">\n\t\t\t\t\t<div class=\"e-con-inner\">\n\t\t\t\t<div class=\"elementor-element elementor-element-3ba03c7 elementor-widget elementor-widget-text-editor\" data-id=\"3ba03c7\" data-element_type=\"widget\" data-widget_type=\"text-editor.default\">\n\t\t\t\t<div class=\"elementor-widget-container\">\n\t\t\t<style>\/*! elementor - v3.13.3 - 28-05-2023 *\/\n.elementor-widget-text-editor.elementor-drop-cap-view-stacked .elementor-drop-cap{background-color:#69727d;color:#fff}.elementor-widget-text-editor.elementor-drop-cap-view-framed .elementor-drop-cap{color:#69727d;border:3px solid;background-color:transparent}.elementor-widget-text-editor:not(.elementor-drop-cap-view-default) .elementor-drop-cap{margin-top:8px}.elementor-widget-text-editor:not(.elementor-drop-cap-view-default) .elementor-drop-cap-letter{width:1em;height:1em}.elementor-widget-text-editor .elementor-drop-cap{float:left;text-align:center;line-height:1;font-size:50px}.elementor-widget-text-editor .elementor-drop-cap-letter{display:inline-block}<\/style>\t\t\t\t<h2>ONTOMODEL: PROPUESTA DE UNA ONTOLOLG\u00cdA PARA LA CONCEPTUALIZACI\u00d3N DE LOS ARTEFACTOS INVOLUCRADOS EN EL DESARROLLO DE UN SISTEMA DE INFORMACI\u00d3N<\/h2><div id=\"gt-res-content\"><div id=\"gt-res-dir-ctr\" class=\"trans-verified-button-small\" dir=\"ltr\">La Ingenier\u00eda de Sistemas de Informaci\u00f3n es una rama de naturaleza t\u00e9cnica, orientada a la planificaci\u00f3n (an\u00e1lisis y dise\u00f1o), construcci\u00f3n, implementaci\u00f3n y administraci\u00f3n de un desarrollo inform\u00e1tico orientado a cubrir los aspectos tecnol\u00f3gicos, de datos y de procesamiento de un Sistema de Informaci\u00f3n (SI) empresarial, con el fin de coordinar los flujos y registros de informaci\u00f3n necesarios para el desarrollo de actividades de una organizaci\u00f3n conforme a una estrategia de negocio previamente definida.<br \/>Es por ello que el desarrollo de un SI es una labor compleja que suele dividirse en distintas etapas que en su punto final convergen en un gran desarrollo final denominado el SI.<br \/>La labor de creaci\u00f3n de un SI est\u00e1 colmado de modelos tales como: esquemas de bases de datos, ontolog\u00edas, patrones, arquitecturas de software, esquemas XML (eXtensible Markup Language), diagramas de clases, de colaboraci\u00f3 o de casos de uso de UML (Unified Modeling Language), modelos de proceso como el modelo de desarrollo en cascada, (meta)modelos de datos como el modelo relacional, meta-metamodelos como MOF (Meta-Object Facility), etc.<br \/>Estos tipos de modelo se pueden usar durante diferentes etapas del desarrollo de un SI o incluso en el desarrollo individual de uno o varios componentes de un SI con el fin de ser interconectados en una etapa posterior de integraci\u00f3n. De esta manera los profesionales de esta \u00e1rea se encuentran con miles de modelos relacionados con el SI pero cuyo v\u00ednculo o interdependencia no est\u00e1 claramente definido. Adem\u00e1s, en muchas ocasiones, la diferencia en la forma en que se emplean los diversos tipos de modelos involucrados no est\u00e1 clara, lo cual genera confusiones o usos mezclados de los mismos.<br \/>En este contexto, en esta tesis doctoral se presenta OntoModel, una propuesta para la conceptualizaci\u00f3n de artefactos involucrados en el desarrollo de un SI. Esta propuesta se basa en la discusi\u00f3n del concepto de modelo a trav\u00e9s de la evaluaci\u00f3n del significado de algunos de los tipos de modelos m\u00e1s comunes dentro de la Ingenier\u00eda de SI y se expresa a trav\u00e9s de una ontolog\u00eda.<br \/>Una ontolog\u00eda se define como \u00bfla representaci\u00f3n expl\u00edcita de una conceptualizaci\u00f3n\u00bf[64]. Este tipo de modelo permite especificar los conceptos utilizados en un dominio concreto [67] y uno de esos posibles dominios son los propios SI. Es por ello que se ha decidido usar una ontolog\u00eda para representar las relaciones entre los conceptos asociados al t\u00e9rmino \u00bfmodelo\u00bf en el \u00e1rea de la Ingenier\u00eda del SI.<br \/>OntoModel parte de un an\u00e1lisis de los modelos de acuerdo al rol que cumplen en el desarrollo de un Sistema de Informaci\u00f3n (SI) y clasifica los distintos tipos de modelos y artefactos, a la vez que representa su relaci\u00f3n con otros modelos y\/o artefactos.<br \/>La creaci\u00f3n de OntoModel sirve para representar la conceptualizaci\u00f3n de un SI. Una conceptualizaci\u00f3n es el proceso abstracto realizado por la mente humana con el fin de crear una idea acerca de una parte de la realidad [71]. Es decir, el uso de OntoModel permitir\u00e1 ilustrar cuales son los conceptos involucrados en el desarrollo de un SI as\u00ed como la relaci\u00f3n existente entre los mismos. Estos conceptos pueden ser modelos o artefactos. Las conceptualizaciones que se realizan se centran en los modelos a nivel macro, es decir, ilustra cu\u00e1les son los modelos y la manera en la que se relacionan entre ellos sin entrar en la representaci\u00f3n de los conceptos propios del SI. El prop\u00f3sito de esta conceptualizaci\u00f3n corresponde con el del t\u00e9rmino de megamodelo [19] introducido por la Ingenier\u00eda dirigida por Modelos (MDE).<br \/>Con la intenci\u00f3n de demostrar la viabilidad de la propuesta y mostrar que se puede llevar a la pr\u00e1ctica, se ha realizado una implementaci\u00f3n de referencia. En concreto, OntoModel se ha plasmado a trav\u00e9s de un prototipo de un lenguaje espec\u00edfico de dominio (DSL) que soporta la creaci\u00f3n de megamodelos, en donde la ontolog\u00eda toma el rol de metamodelo de la herramienta construida. Este DSL se denomina MegaONto ya que act\u00faa como una herramienta que genera megamodelos basado en una ontolog\u00eda.<\/div><\/div><p>\u00a0<\/p><div class=\"horizotal_break clearfix\">\u00a0<\/div><div class=\"page-container clearfix\">\u00a0<\/div><p><b>Defense Data<\/b><\/p><div class=\"custom_list edit-icon\"><p>\u00a0<\/p><ul><li><b>Author:<\/b>\u00a0Diana Sanchez<\/li><li><b>Thesis Supervisor:<\/b>\u00a0Esperanza Marcos Mart\u00ednez<\/li><li><b>Thesis Committee:<\/b>\u00a0F\u00e9lix \u00d3scar Garc\u00eda Rubio, Jose Luis Roda Garc\u00eda, Javier Garz\u00e1s Parra, Jos\u00e9 Miguel Ca\u00f1ete Valer\u00f3n, Genoveva Vargas Solar<\/li><li><b>Thesis defense date:<\/b>\u00a025\/04\/2014<\/li><li><b>Department:<\/b>\u00a0Departamento de Ciencias de la Computaci\u00f3n, Arquitectura de la Computaci\u00f3n, Lenguajes y Sistemas Inform\u00e1ticos y Estad\u00edstica e Investigaci\u00f3n Operativa<\/li><li><b>School\/Faculty:\u00a0<\/b>Escuela Superior de Ingenier\u00eda Inform\u00e1tica<\/li><li><b>University:<\/b>\u00a0University Rey Juan Carlos<\/li><\/ul><\/div>\t\t\t\t\t\t<\/div>\n\t\t\t\t<\/div>\n\t\t\t\t\t<\/div>\n\t\t\t\t<\/div>\n\t\t\t\t\t\t\t<\/div>\n\t\t","protected":false},"excerpt":{"rendered":"<p>PhD Thesis: Diana Marcela Sanchez ONTOMODEL: PROPUESTA DE UNA ONTOLOLG\u00cdA PARA LA CONCEPTUALIZACI\u00d3N DE LOS ARTEFACTOS INVOLUCRADOS EN EL DESARROLLO DE UN SISTEMA DE INFORMACI\u00d3N La Ingenier\u00eda de Sistemas de Informaci\u00f3n es una rama de naturaleza t\u00e9cnica, orientada a la planificaci\u00f3n (an\u00e1lisis y dise\u00f1o), construcci\u00f3n, implementaci\u00f3n y administraci\u00f3n de un desarrollo inform\u00e1tico orientado a cubrir &hellip;<\/p>\n<p class=\"read-more\"> <a class=\"\" href=\"https:\/\/kybele.ingenieriadeservicios.es\/index.php\/tesis-diana-sanchez\/\"> <span class=\"screen-reader-text\">Tesis Diana S\u00e1nchez<\/span> Leer m\u00e1s &raquo;<\/a><\/p>\n","protected":false},"author":1,"featured_media":0,"parent":0,"menu_order":0,"comment_status":"closed","ping_status":"closed","template":"","meta":{"_eb_attr":"","site-sidebar-layout":"no-sidebar","site-content-layout":"page-builder","ast-global-header-display":"","ast-main-header-display":"","ast-hfb-above-header-display":"","ast-hfb-below-header-display":"","ast-hfb-mobile-header-display":"","site-post-title":"disabled","ast-breadcrumbs-content":"","ast-featured-img":"disabled","footer-sml-layout":"","theme-transparent-header-meta":"","adv-header-id-meta":"","stick-header-meta":"","header-above-stick-meta":"","header-main-stick-meta":"","header-below-stick-meta":""},"_links":{"self":[{"href":"https:\/\/kybele.ingenieriadeservicios.es\/index.php\/wp-json\/wp\/v2\/pages\/3568"}],"collection":[{"href":"https:\/\/kybele.ingenieriadeservicios.es\/index.php\/wp-json\/wp\/v2\/pages"}],"about":[{"href":"https:\/\/kybele.ingenieriadeservicios.es\/index.php\/wp-json\/wp\/v2\/types\/page"}],"author":[{"embeddable":true,"href":"https:\/\/kybele.ingenieriadeservicios.es\/index.php\/wp-json\/wp\/v2\/users\/1"}],"replies":[{"embeddable":true,"href":"https:\/\/kybele.ingenieriadeservicios.es\/index.php\/wp-json\/wp\/v2\/comments?post=3568"}],"version-history":[{"count":7,"href":"https:\/\/kybele.ingenieriadeservicios.es\/index.php\/wp-json\/wp\/v2\/pages\/3568\/revisions"}],"predecessor-version":[{"id":3577,"href":"https:\/\/kybele.ingenieriadeservicios.es\/index.php\/wp-json\/wp\/v2\/pages\/3568\/revisions\/3577"}],"wp:attachment":[{"href":"https:\/\/kybele.ingenieriadeservicios.es\/index.php\/wp-json\/wp\/v2\/media?parent=3568"}],"curies":[{"name":"wp","href":"https:\/\/api.w.org\/{rel}","templated":true}]}}