{"id":3099,"date":"2023-07-06T17:31:30","date_gmt":"2023-07-06T15:31:30","guid":{"rendered":"https:\/\/kybele.ingenieriadeservicios.es\/?page_id=3099"},"modified":"2023-07-11T14:29:18","modified_gmt":"2023-07-11T12:29:18","slug":"docencia","status":"publish","type":"page","link":"https:\/\/kybele.ingenieriadeservicios.es\/index.php\/docencia\/","title":{"rendered":"Docencia"},"content":{"rendered":"\t\t<div data-elementor-type=\"wp-page\" data-elementor-id=\"3099\" class=\"elementor elementor-3099\">\n\t\t\t\t\t\t\t<div class=\"elementor-element elementor-element-6fb24d3 e-con-boxed e-flex e-con\" data-id=\"6fb24d3\" data-element_type=\"container\" data-settings=\"{&quot;background_background&quot;:&quot;classic&quot;,&quot;content_width&quot;:&quot;boxed&quot;}\">\n\t\t\t\t\t<div class=\"e-con-inner\">\n\t\t<div class=\"elementor-element elementor-element-937225a e-con-full e-flex e-con\" data-id=\"937225a\" data-element_type=\"container\" data-settings=\"{&quot;content_width&quot;:&quot;full&quot;}\">\n\t\t\t\t<div class=\"elementor-element elementor-element-e93f7a2 elementor-hidden-mobile elementor-widget elementor-widget-image\" data-id=\"e93f7a2\" data-element_type=\"widget\" data-widget_type=\"image.default\">\n\t\t\t\t<div class=\"elementor-widget-container\">\n\t\t\t<style>\/*! elementor - v3.13.3 - 28-05-2023 *\/\n.elementor-widget-image{text-align:center}.elementor-widget-image a{display:inline-block}.elementor-widget-image a img[src$=\".svg\"]{width:48px}.elementor-widget-image img{vertical-align:middle;display:inline-block}<\/style>\t\t\t\t\t\t\t\t\t\t\t\t<img decoding=\"async\" width=\"996\" height=\"664\" src=\"https:\/\/kybele.ingenieriadeservicios.es\/wp-content\/uploads\/2023\/07\/estado-animo-alegre-grupo-personas-conferencia-negocios-aula-moderna-dia_146671-16287.jpg\" class=\"attachment-full size-full wp-image-3102\" alt=\"\" loading=\"lazy\" srcset=\"https:\/\/kybele.ingenieriadeservicios.es\/wp-content\/uploads\/2023\/07\/estado-animo-alegre-grupo-personas-conferencia-negocios-aula-moderna-dia_146671-16287.jpg 996w, https:\/\/kybele.ingenieriadeservicios.es\/wp-content\/uploads\/2023\/07\/estado-animo-alegre-grupo-personas-conferencia-negocios-aula-moderna-dia_146671-16287-300x200.jpg 300w, https:\/\/kybele.ingenieriadeservicios.es\/wp-content\/uploads\/2023\/07\/estado-animo-alegre-grupo-personas-conferencia-negocios-aula-moderna-dia_146671-16287-768x512.jpg 768w\" sizes=\"(max-width: 996px) 100vw, 996px\" \/>\t\t\t\t\t\t\t\t\t\t\t\t\t\t\t<\/div>\n\t\t\t\t<\/div>\n\t\t\t\t<\/div>\n\t\t<div class=\"elementor-element elementor-element-ceaff36 e-con-full e-flex e-con\" data-id=\"ceaff36\" data-element_type=\"container\" data-settings=\"{&quot;content_width&quot;:&quot;full&quot;}\">\n\t\t\t\t<div class=\"elementor-element elementor-element-f3d0f7a elementor-hidden-mobile elementor-widget elementor-widget-heading\" data-id=\"f3d0f7a\" data-element_type=\"widget\" data-widget_type=\"heading.default\">\n\t\t\t\t<div class=\"elementor-widget-container\">\n\t\t\t<style>\/*! elementor - v3.13.3 - 28-05-2023 *\/\n.elementor-heading-title{padding:0;margin:0;line-height:1}.elementor-widget-heading .elementor-heading-title[class*=elementor-size-]>a{color:inherit;font-size:inherit;line-height:inherit}.elementor-widget-heading .elementor-heading-title.elementor-size-small{font-size:15px}.elementor-widget-heading .elementor-heading-title.elementor-size-medium{font-size:19px}.elementor-widget-heading .elementor-heading-title.elementor-size-large{font-size:29px}.elementor-widget-heading .elementor-heading-title.elementor-size-xl{font-size:39px}.elementor-widget-heading .elementor-heading-title.elementor-size-xxl{font-size:59px}<\/style><h2 class=\"elementor-heading-title elementor-size-default\"><strong>Docencia<\/strong><\/h2>\t\t<\/div>\n\t\t\t\t<\/div>\n\t\t\t\t<\/div>\n\t\t\t\t\t<\/div>\n\t\t\t\t<\/div>\n\t\t<div class=\"elementor-element elementor-element-274f2cf e-con-boxed e-flex e-con\" data-id=\"274f2cf\" data-element_type=\"container\" data-settings=\"{&quot;content_width&quot;:&quot;boxed&quot;}\">\n\t\t\t\t\t<div class=\"e-con-inner\">\n\t\t<div class=\"elementor-element elementor-element-81bdb78 e-con-full e-flex e-con\" data-id=\"81bdb78\" data-element_type=\"container\" data-settings=\"{&quot;content_width&quot;:&quot;full&quot;}\">\n\t\t\t\t<div class=\"elementor-element elementor-element-c168323 elementor-widget elementor-widget-text-editor\" data-id=\"c168323\" data-element_type=\"widget\" data-widget_type=\"text-editor.default\">\n\t\t\t\t<div class=\"elementor-widget-container\">\n\t\t\t<style>\/*! elementor - v3.13.3 - 28-05-2023 *\/\n.elementor-widget-text-editor.elementor-drop-cap-view-stacked .elementor-drop-cap{background-color:#69727d;color:#fff}.elementor-widget-text-editor.elementor-drop-cap-view-framed .elementor-drop-cap{color:#69727d;border:3px solid;background-color:transparent}.elementor-widget-text-editor:not(.elementor-drop-cap-view-default) .elementor-drop-cap{margin-top:8px}.elementor-widget-text-editor:not(.elementor-drop-cap-view-default) .elementor-drop-cap-letter{width:1em;height:1em}.elementor-widget-text-editor .elementor-drop-cap{float:left;text-align:center;line-height:1;font-size:50px}.elementor-widget-text-editor .elementor-drop-cap-letter{display:inline-block}<\/style>\t\t\t\t<h2>CAMPUS DE MANUEL BECERRA<\/h2><ul><li><b>Ciencia, Gesti\u00f3n e Ingenier\u00eda de Servicios (CGIS)<\/b><ul><li>Sociolog\u00eda de Servicios<\/li><li>Teor\u00eda de Sistemas<\/li><li>Introducci\u00f3n a la programaci\u00f3n<\/li><li>Arquitectura de Computadores<\/li><li>Sistemas Operativos y Redes<\/li><li>Desarrollo de Servicios<\/li><li>Inteligencia Emocional<\/li><li>AELP<\/li><li>DMS<\/li><li>Bases de Datos<\/li><li>Habilidades de comunicaci\u00f3n<\/li><li>Arquitecturas de SI<\/li><li>Sistemas de informaci\u00f3n<\/li><li>Ingenier\u00eda de Software<\/li><li>Sistemas de informaci\u00f3n empresarial<\/li><li>Ingenier\u00eda de servicios<\/li><li>TGGVD<\/li><li>Ingenier\u00eda de PN<\/li><li>Gesti\u00f3n de servicios<\/li><li>Servicios M\u00f3viles y ubicuos<\/li><li>IPOM<\/li><li>Inteligencia y an\u00e1lisis de neg.<\/li><li>Arquitecturas empresariales<\/li><li>Servicios de Banca y Seguros<\/li><li>S. Adm. P\u00fablica<\/li><li>S. telecomunicaciones<\/li><li>Servicios TI<\/li><\/ul><\/li><\/ul><div class=\"column-container\"><h2>\u00a0M\u00c1STER<\/h2><\/div><div class=\"column-container\"><ul><li><b>M\u00e1ster Oficial en Ingenier\u00eda de la Decisi\u00f3n (MID)<\/b><ul><li>Gesti\u00f3n de Bases de Datos<\/li><\/ul><\/li><li><b>M\u00e1ster en Ingenier\u00eda de Sistemas de Informaci\u00f3n (MISI)<\/b><ul><li>Metodolog\u00eda y Documentaci\u00f3n Cient\u00edfico-T\u00e9cnica<\/li><li>Nuevas Tendencias en Ingenier\u00eda de Sistemas de Informaci\u00f3n<\/li><li>Gesti\u00f3n de la Informaci\u00f3n<\/li><\/ul><\/li><\/ul><\/div>\t\t\t\t\t\t<\/div>\n\t\t\t\t<\/div>\n\t\t\t\t<\/div>\n\t\t<div class=\"elementor-element elementor-element-fe0364b e-con-full e-flex e-con\" data-id=\"fe0364b\" data-element_type=\"container\" data-settings=\"{&quot;content_width&quot;:&quot;full&quot;}\">\n\t\t\t\t<div class=\"elementor-element elementor-element-f4deacf elementor-widget elementor-widget-text-editor\" data-id=\"f4deacf\" data-element_type=\"widget\" data-widget_type=\"text-editor.default\">\n\t\t\t\t<div class=\"elementor-widget-container\">\n\t\t\t\t\t\t\t<div>\n<h2>CAMPUS VIRTUAL (ONLINE)<\/h2>\n<ul>\n \t<li><b>Ciencia, Gesti\u00f3n e Ingenier\u00eda de Servicios<\/b>\n<ul>\n \t<li>Sociolog\u00eda de Servicios<\/li>\n \t<li>Teor\u00eda de Sistemas<\/li>\n \t<li>Introducci\u00f3n a la programaci\u00f3n<\/li>\n \t<li>Arquitectura de Computadores<\/li>\n \t<li>Sistemas Operativos y Redes<\/li>\n \t<li>Desarrollo de Servicios<\/li>\n \t<li>Inteligencia Emocional<\/li>\n \t<li>AELP<\/li>\n \t<li>Bases de Datos<\/li>\n \t<li>Dise\u00f1o y Mantenimiento de Servicios<\/li>\n \t<li>Habilidades de Comunicaci\u00f3n<\/li>\n \t<li>Arquitecturas de Sistemas de Informaci\u00f3n<\/li>\n \t<li>Ingenier\u00eda de Software<\/li>\n \t<li>Sistemas de Informaci\u00f3n<\/li>\n \t<li>Ingenier\u00eda de Servicios<\/li>\n \t<li>Tecnolog\u00edas para la gesti\u00f3n de grandes vol\u00famenes de datos<\/li>\n \t<li>Ingenier\u00eda de Procesos de Negocio<\/li>\n \t<li>Gesti\u00f3n de servicios<\/li>\n \t<li>Servicios m\u00f3viles y ubicuos<\/li>\n \t<li>Interacci\u00f3n persona-ordenador y multimedia<\/li>\n \t<li>Inteligencia y an\u00e1lisis de negocio<\/li>\n \t<li>Arquitecturas empresariales<\/li>\n \t<li>Servicios en Banca y Seguros<\/li>\n \t<li>Servicios en Administraciones P\u00fablicas<\/li>\n \t<li>Servicios en Telecomunicaciones<\/li>\n \t<li>Servicios en TI<\/li>\n \t<li>Servicios en Consultor\u00eda<\/li>\n<\/ul>\n<\/li>\n \t<li><b>Periodismo<\/b>\n<ul>\n \t<li>Nuevas Tecnolog\u00edas y Sociedad de la Informaci\u00f3n<\/li>\n<\/ul>\n<\/li>\n \t<li><b>Publicidad y Relaciones P\u00fablicas<\/b>\n<ul>\n \t<li>Nuevas Tecnolog\u00edas y Sociedad de la Informaci\u00f3n<\/li>\n<\/ul>\n<\/li>\n<\/ul>\n<\/div>\t\t\t\t\t\t<\/div>\n\t\t\t\t<\/div>\n\t\t\t\t<\/div>\n\t\t<div class=\"elementor-element elementor-element-43ca987 e-con-full e-flex e-con\" data-id=\"43ca987\" data-element_type=\"container\" data-settings=\"{&quot;content_width&quot;:&quot;full&quot;}\">\n\t\t\t\t<div class=\"elementor-element elementor-element-08c4784 elementor-widget elementor-widget-text-editor\" data-id=\"08c4784\" data-element_type=\"widget\" data-widget_type=\"text-editor.default\">\n\t\t\t\t<div class=\"elementor-widget-container\">\n\t\t\t\t\t\t\t<h2>CAMPUS DE VIC\u00c1LVARO<\/h2>\n<ul>\n \t<li><b>Derecho &#8211; Periodismo<\/b>\n<ul>\n \t<li>Nuevas Tecnolog\u00edas y Sociedad de la Informaci\u00f3n<\/li>\n<\/ul>\n<\/li>\n \t<li><b>Periodismo &#8211; Comunicaci\u00f3n Audiovisual<\/b>\n<ul>\n \t<li>Nuevas Tecnolog\u00edas y Sociedad de la Informaci\u00f3n<\/li>\n<\/ul>\n<\/li>\n \t<li><b>Periodismo<\/b>\n<ul>\n \t<li>Nuevas Tecnolog\u00edas y Sociedad de la Informaci\u00f3n<\/li>\n<\/ul>\n<\/li>\n \t<li><b>Publicidad y Relaciones P\u00fablicas<\/b>\n<ul>\n \t<li>Nuevas Tecnolog\u00edas y Sociedad de la Informaci\u00f3n<\/li>\n<\/ul>\n<\/li>\n \t<li><strong>Direcci\u00f3n y Gesti\u00f3n de Empresas del \u00c1mbito Digital<\/strong>\n<ul>\n \t<li>Tecnolog\u00eda Operativa de la Econom\u00eda Digital<\/li>\n \t<li>Usabilidad y Arquitectura de la Informaci\u00f3n<\/li>\n \t<li>Gesti\u00f3n de la Tecnolog\u00eda y Gobierno de las TIC<\/li>\n<\/ul>\n<\/li>\n<\/ul>\n\n<h2>CAMPUS DE FUENLABRADA<\/h2>\n<ul>\n \t<li><b>Periodismo &#8211; Comunicaci\u00f3n Audiovisual<\/b>\n<ul>\n \t<li>Nuevas Tecnolog\u00edas y Sociedad de la Informaci\u00f3n<\/li>\n<\/ul>\n<\/li>\n \t<li><b>Periodismo<\/b>\n<ul>\n \t<li>Nuevas Tecnolog\u00edas y Sociedad de la Informaci\u00f3n<\/li>\n<\/ul>\n<\/li>\n \t<li><b>Publicidad y Relaciones P\u00fablicas<\/b>\n<ul>\n \t<li>Nuevas Tecnolog\u00edas y Sociedad de la Informaci\u00f3n<\/li>\n<\/ul>\n<\/li>\n \t<li><strong>Bellas Artes<\/strong>\n<ul>\n \t<li>Inform\u00e1tica<\/li>\n<\/ul>\n<\/li>\n<\/ul>\t\t\t\t\t\t<\/div>\n\t\t\t\t<\/div>\n\t\t\t\t<\/div>\n\t\t\t\t\t<\/div>\n\t\t\t\t<\/div>\n\t\t\t\t\t\t\t<\/div>\n\t\t","protected":false},"excerpt":{"rendered":"<p>Docencia CAMPUS DE MANUEL BECERRA Ciencia, Gesti\u00f3n e Ingenier\u00eda de Servicios (CGIS) Sociolog\u00eda de Servicios Teor\u00eda de Sistemas Introducci\u00f3n a la programaci\u00f3n Arquitectura de Computadores Sistemas Operativos y Redes Desarrollo de Servicios Inteligencia Emocional AELP DMS Bases de Datos Habilidades de comunicaci\u00f3n Arquitecturas de SI Sistemas de informaci\u00f3n Ingenier\u00eda de Software Sistemas de informaci\u00f3n empresarial &hellip;<\/p>\n<p class=\"read-more\"> <a class=\"\" href=\"https:\/\/kybele.ingenieriadeservicios.es\/index.php\/docencia\/\"> <span class=\"screen-reader-text\">Docencia<\/span> Leer m\u00e1s &raquo;<\/a><\/p>\n","protected":false},"author":1,"featured_media":0,"parent":0,"menu_order":0,"comment_status":"closed","ping_status":"closed","template":"","meta":{"_eb_attr":"","site-sidebar-layout":"no-sidebar","site-content-layout":"page-builder","ast-global-header-display":"","ast-main-header-display":"","ast-hfb-above-header-display":"","ast-hfb-below-header-display":"","ast-hfb-mobile-header-display":"","site-post-title":"disabled","ast-breadcrumbs-content":"","ast-featured-img":"disabled","footer-sml-layout":"","theme-transparent-header-meta":"","adv-header-id-meta":"","stick-header-meta":"","header-above-stick-meta":"","header-main-stick-meta":"","header-below-stick-meta":""},"_links":{"self":[{"href":"https:\/\/kybele.ingenieriadeservicios.es\/index.php\/wp-json\/wp\/v2\/pages\/3099"}],"collection":[{"href":"https:\/\/kybele.ingenieriadeservicios.es\/index.php\/wp-json\/wp\/v2\/pages"}],"about":[{"href":"https:\/\/kybele.ingenieriadeservicios.es\/index.php\/wp-json\/wp\/v2\/types\/page"}],"author":[{"embeddable":true,"href":"https:\/\/kybele.ingenieriadeservicios.es\/index.php\/wp-json\/wp\/v2\/users\/1"}],"replies":[{"embeddable":true,"href":"https:\/\/kybele.ingenieriadeservicios.es\/index.php\/wp-json\/wp\/v2\/comments?post=3099"}],"version-history":[{"count":37,"href":"https:\/\/kybele.ingenieriadeservicios.es\/index.php\/wp-json\/wp\/v2\/pages\/3099\/revisions"}],"predecessor-version":[{"id":3721,"href":"https:\/\/kybele.ingenieriadeservicios.es\/index.php\/wp-json\/wp\/v2\/pages\/3099\/revisions\/3721"}],"wp:attachment":[{"href":"https:\/\/kybele.ingenieriadeservicios.es\/index.php\/wp-json\/wp\/v2\/media?parent=3099"}],"curies":[{"name":"wp","href":"https:\/\/api.w.org\/{rel}","templated":true}]}}